{"id":19237,"date":"2020-06-05T15:50:21","date_gmt":"2020-06-05T13:50:21","guid":{"rendered":"https:\/\/www.petitmountet.ch\/?page_id=19237"},"modified":"2025-03-25T13:18:04","modified_gmt":"2025-03-25T12:18:04","slug":"verpflegung","status":"publish","type":"page","link":"https:\/\/www.petitmountet.ch\/de\/verpflegung\/","title":{"rendered":"Verpflegung"},"content":{"rendered":"<div class=\"wpb-content-wrapper\"><p>[vc_row][vc_column width=&#8220;1\/2&#8243;][vc_column_text]<\/p>\n<h5>Eine Jahrhundert alte H\u00fctte, wo es sich gut \u201eauftanken\u201c l\u00e4sst<\/h5>\n<ul>\n<li>Kleine Speisen und Getr\u00e4nke den ganzen Tag<\/li>\n<li>Bergk\u00fcche mit regionaler Geschmacksrichtung wie das Pfannengericht \u201eLa Po\u00eal\u00e9e du Petit-Mountet\u201c, welches man wenigstens einmal probieren sollte.<\/li>\n<li>K\u00e4sespezialit\u00e4ten vom Val d\u2019Anniviers<\/li>\n<li>Fleischplatten mit verschiedenem Trockenfleisch vom Tal; Trockenfleisch vom H\u00fcttenwart<\/li>\n<li>Hausgemachtes auf Gem\u00fcsebasis und Saisonfr\u00fcchte: Suppe, Salate, W\u00e4hen und andere Leckerbissen.<\/li>\n<\/ul>\n<p>[\/vc_column_text]<div class=\"dfd-spacer-module\"  data-units=\"px\" data-wide_resolution=\"1280\" data-wide_size=\"35\" data-normal_resolution=\"1024\" data-normal_size=\"35\" data-tablet_resolution=\"800\" data-tablet_size=\"30\" data-mobile_resolution=\"480\" data-mobile_size=\"30\" style=\"height: 35px;\"><\/div>[vc_column_text]<strong>Bei vorg\u00e4ngiger Reservation:<\/strong><\/p>\n<ul>\n<li>Fondueabend<\/li>\n<li>\u201eH\u00fcttenmenu\u201c, serviert mit \u00dcbernachtung<\/li>\n<li>Pick-nick zum Mitnehmen f\u00fcr den n\u00e4chsten Tag<\/li>\n<\/ul>\n<p>[\/vc_column_text]<div class=\"dfd-spacer-module\"  data-units=\"px\" data-wide_resolution=\"1280\" data-wide_size=\"\" data-normal_resolution=\"1024\" data-normal_size=\"\" data-tablet_resolution=\"800\" data-tablet_size=\"20\" data-mobile_resolution=\"480\" data-mobile_size=\"20\" style=\"height: px;\"><\/div>[\/vc_column][vc_column width=&#8220;1\/2&#8243;][vc_single_image image=&#8220;20245&#8243; img_size=&#8220;full&#8220;][\/vc_column][\/vc_row][vc_row][vc_column]<div class=\"dfd-spacer-module\"  data-units=\"px\" data-wide_resolution=\"1280\" data-wide_size=\"50\" data-normal_resolution=\"1024\" data-normal_size=\"50\" data-tablet_resolution=\"800\" data-tablet_size=\"30\" data-mobile_resolution=\"480\" data-mobile_size=\"30\" style=\"height: 50px;\"><\/div>[\/vc_column][\/vc_row][vc_row force_equal_height_columns=&#8220;main_row&#8220; mobile_destroy_equal_heights=&#8220;yes&#8220;][vc_column width=&#8220;1\/2&#8243;][vc_single_image image=&#8220;18198&#8243; img_size=&#8220;full&#8220;][\/vc_column][vc_column width=&#8220;1\/2&#8243;][vc_column_text css=&#8220;&#8220;]<\/p>\n<h5 style=\"text-align: center;\">Frische und lokale Produkte sind die Priorit\u00e4t der Betreuerin.<\/h5>\n<p>[\/vc_column_text][\/vc_column][\/vc_row][vc_row][vc_column]<div class=\"dfd-spacer-module\"  data-units=\"px\" data-wide_resolution=\"1280\" data-wide_size=\"50\" data-normal_resolution=\"1024\" data-normal_size=\"50\" data-tablet_resolution=\"800\" data-tablet_size=\"30\" data-mobile_resolution=\"480\" data-mobile_size=\"30\" style=\"height: 50px;\"><\/div>[\/vc_column][\/vc_row][vc_row force_equal_height_columns=&#8220;main_row&#8220; mobile_destroy_equal_heights=&#8220;yes&#8220;][vc_column width=&#8220;1\/2&#8243;][vc_column_text]<\/p>\n<h5>Die Terrasse mit Blick auf das Weisshorn<\/h5>\n<p>[\/vc_column_text][\/vc_column][vc_column width=&#8220;1\/2&#8243;][vc_single_image image=&#8220;20570&#8243; img_size=&#8220;full&#8220;][\/vc_column][\/vc_row]<\/p>\n<\/div>","protected":false},"excerpt":{"rendered":"<p>[vc_row][vc_column width=&#8220;1\/2&#8243;][vc_column_text] Eine Jahrhundert alte H\u00fctte, wo es sich gut \u201eauftanken\u201c l\u00e4sst Kleine Speisen und Getr\u00e4nke den ganzen Tag Bergk\u00fcche mit regionaler Geschmacksrichtung wie das Pfannengericht \u201eLa Po\u00eal\u00e9e du Petit-Mountet\u201c,<\/p>\n","protected":false},"author":1,"featured_media":0,"parent":0,"menu_order":0,"comment_status":"closed","ping_status":"closed","template":"","meta":{"footnotes":""},"class_list":["post-19237","page","type-page","status-publish","hentry"],"yoast_head":"<!-- This site is optimized with the Yoast SEO plugin v28.2 - https:\/\/yoast.com\/product\/yoast-seo-wordpress\/ -->\n<title>Schmackhafte Bergk\u00fcche - Restaurant in unserer Bergh\u00fctte<\/title>\n<meta name=\"description\" content=\"Unser Restaurant bietet eine schmackhafte Bergk\u00fcche aus frischen und lokalen Produkten. Kommen Sie und genie\u00dfen Sie unsere traditionellen Gerichte und hausgemachten Spezialit\u00e4ten.\" \/>\n<meta name=\"robots\" content=\"index, follow, max-snippet:-1, max-image-preview:large, max-video-preview:-1\" \/>\n<link rel=\"canonical\" href=\"https:\/\/www.petitmountet.ch\/de\/verpflegung\/\" \/>\n<meta property=\"og:locale\" content=\"de_DE\" \/>\n<meta property=\"og:type\" content=\"article\" \/>\n<meta property=\"og:title\" content=\"Schmackhafte Bergk\u00fcche - Restaurant in unserer Bergh\u00fctte\" \/>\n<meta property=\"og:description\" content=\"Unser Restaurant bietet eine schmackhafte Bergk\u00fcche aus frischen und lokalen Produkten. Kommen Sie und genie\u00dfen Sie unsere traditionellen Gerichte und hausgemachten Spezialit\u00e4ten.\" \/>\n<meta property=\"og:url\" content=\"https:\/\/www.petitmountet.ch\/de\/verpflegung\/\" \/>\n<meta property=\"og:site_name\" content=\"Cabane du Petit Mountet | Val d&#039;Anniviers\" \/>\n<meta property=\"article:modified_time\" content=\"2025-03-25T12:18:04+00:00\" \/>\n<meta name=\"twitter:card\" content=\"summary_large_image\" \/>\n<meta name=\"twitter:label1\" content=\"Gesch\u00e4tzte Lesezeit\" \/>\n\t<meta name=\"twitter:data1\" content=\"1\u00a0Minute\" \/>\n<script type=\"application\/ld+json\" class=\"yoast-schema-graph\">{\"@context\":\"https:\\\/\\\/schema.org\",\"@graph\":[{\"@type\":\"WebPage\",\"@id\":\"https:\\\/\\\/www.petitmountet.ch\\\/de\\\/verpflegung\\\/\",\"url\":\"https:\\\/\\\/www.petitmountet.ch\\\/de\\\/verpflegung\\\/\",\"name\":\"Schmackhafte Bergk\u00fcche - Restaurant in unserer Bergh\u00fctte\",\"isPartOf\":{\"@id\":\"https:\\\/\\\/www.petitmountet.ch\\\/#website\"},\"datePublished\":\"2020-06-05T13:50:21+00:00\",\"dateModified\":\"2025-03-25T12:18:04+00:00\",\"description\":\"Unser Restaurant bietet eine schmackhafte Bergk\u00fcche aus frischen und lokalen Produkten. Kommen Sie und genie\u00dfen Sie unsere traditionellen Gerichte und hausgemachten Spezialit\u00e4ten.\",\"breadcrumb\":{\"@id\":\"https:\\\/\\\/www.petitmountet.ch\\\/de\\\/verpflegung\\\/#breadcrumb\"},\"inLanguage\":\"de\",\"potentialAction\":[{\"@type\":\"ReadAction\",\"target\":[\"https:\\\/\\\/www.petitmountet.ch\\\/de\\\/verpflegung\\\/\"]}]},{\"@type\":\"BreadcrumbList\",\"@id\":\"https:\\\/\\\/www.petitmountet.ch\\\/de\\\/verpflegung\\\/#breadcrumb\",\"itemListElement\":[{\"@type\":\"ListItem\",\"position\":1,\"name\":\"Accueil\",\"item\":\"https:\\\/\\\/www.petitmountet.ch\\\/de\\\/\"},{\"@type\":\"ListItem\",\"position\":2,\"name\":\"Verpflegung\"}]},{\"@type\":\"WebSite\",\"@id\":\"https:\\\/\\\/www.petitmountet.ch\\\/#website\",\"url\":\"https:\\\/\\\/www.petitmountet.ch\\\/\",\"name\":\"Cabane du Petit Mountet | Val d&#039;Anniviers\",\"description\":\"Petit coin de paradis\",\"potentialAction\":[{\"@type\":\"SearchAction\",\"target\":{\"@type\":\"EntryPoint\",\"urlTemplate\":\"https:\\\/\\\/www.petitmountet.ch\\\/?s={search_term_string}\"},\"query-input\":{\"@type\":\"PropertyValueSpecification\",\"valueRequired\":true,\"valueName\":\"search_term_string\"}}],\"inLanguage\":\"de\"}]}<\/script>\n<!-- \/ Yoast SEO plugin. -->","yoast_head_json":{"title":"Schmackhafte Bergk\u00fcche - Restaurant in unserer Bergh\u00fctte","description":"Unser Restaurant bietet eine schmackhafte Bergk\u00fcche aus frischen und lokalen Produkten. Kommen Sie und genie\u00dfen Sie unsere traditionellen Gerichte und hausgemachten Spezialit\u00e4ten.","robots":{"index":"index","follow":"follow","max-snippet":"max-snippet:-1","max-image-preview":"max-image-preview:large","max-video-preview":"max-video-preview:-1"},"canonical":"https:\/\/www.petitmountet.ch\/de\/verpflegung\/","og_locale":"de_DE","og_type":"article","og_title":"Schmackhafte Bergk\u00fcche - Restaurant in unserer Bergh\u00fctte","og_description":"Unser Restaurant bietet eine schmackhafte Bergk\u00fcche aus frischen und lokalen Produkten. Kommen Sie und genie\u00dfen Sie unsere traditionellen Gerichte und hausgemachten Spezialit\u00e4ten.","og_url":"https:\/\/www.petitmountet.ch\/de\/verpflegung\/","og_site_name":"Cabane du Petit Mountet | Val d&#039;Anniviers","article_modified_time":"2025-03-25T12:18:04+00:00","twitter_card":"summary_large_image","twitter_misc":{"Gesch\u00e4tzte Lesezeit":"1\u00a0Minute"},"schema":{"@context":"https:\/\/schema.org","@graph":[{"@type":"WebPage","@id":"https:\/\/www.petitmountet.ch\/de\/verpflegung\/","url":"https:\/\/www.petitmountet.ch\/de\/verpflegung\/","name":"Schmackhafte Bergk\u00fcche - Restaurant in unserer Bergh\u00fctte","isPartOf":{"@id":"https:\/\/www.petitmountet.ch\/#website"},"datePublished":"2020-06-05T13:50:21+00:00","dateModified":"2025-03-25T12:18:04+00:00","description":"Unser Restaurant bietet eine schmackhafte Bergk\u00fcche aus frischen und lokalen Produkten. Kommen Sie und genie\u00dfen Sie unsere traditionellen Gerichte und hausgemachten Spezialit\u00e4ten.","breadcrumb":{"@id":"https:\/\/www.petitmountet.ch\/de\/verpflegung\/#breadcrumb"},"inLanguage":"de","potentialAction":[{"@type":"ReadAction","target":["https:\/\/www.petitmountet.ch\/de\/verpflegung\/"]}]},{"@type":"BreadcrumbList","@id":"https:\/\/www.petitmountet.ch\/de\/verpflegung\/#breadcrumb","itemListElement":[{"@type":"ListItem","position":1,"name":"Accueil","item":"https:\/\/www.petitmountet.ch\/de\/"},{"@type":"ListItem","position":2,"name":"Verpflegung"}]},{"@type":"WebSite","@id":"https:\/\/www.petitmountet.ch\/#website","url":"https:\/\/www.petitmountet.ch\/","name":"Cabane du Petit Mountet | Val d&#039;Anniviers","description":"Petit coin de paradis","potentialAction":[{"@type":"SearchAction","target":{"@type":"EntryPoint","urlTemplate":"https:\/\/www.petitmountet.ch\/?s={search_term_string}"},"query-input":{"@type":"PropertyValueSpecification","valueRequired":true,"valueName":"search_term_string"}}],"inLanguage":"de"}]}},"_links":{"self":[{"href":"https:\/\/www.petitmountet.ch\/de\/wp-json\/wp\/v2\/pages\/19237","targetHints":{"allow":["GET"]}}],"collection":[{"href":"https:\/\/www.petitmountet.ch\/de\/wp-json\/wp\/v2\/pages"}],"about":[{"href":"https:\/\/www.petitmountet.ch\/de\/wp-json\/wp\/v2\/types\/page"}],"author":[{"embeddable":true,"href":"https:\/\/www.petitmountet.ch\/de\/wp-json\/wp\/v2\/users\/1"}],"replies":[{"embeddable":true,"href":"https:\/\/www.petitmountet.ch\/de\/wp-json\/wp\/v2\/comments?post=19237"}],"version-history":[{"count":8,"href":"https:\/\/www.petitmountet.ch\/de\/wp-json\/wp\/v2\/pages\/19237\/revisions"}],"predecessor-version":[{"id":21029,"href":"https:\/\/www.petitmountet.ch\/de\/wp-json\/wp\/v2\/pages\/19237\/revisions\/21029"}],"wp:attachment":[{"href":"https:\/\/www.petitmountet.ch\/de\/wp-json\/wp\/v2\/media?parent=19237"}],"curies":[{"name":"wp","href":"https:\/\/api.w.org\/{rel}","templated":true}]}}

<div class="wpb-content-wrapper"><p>[vc_row][vc_column width=&#8220;1/2&#8243;][vc_column_text]</p>
<h5>Eine Jahrhundert alte Hütte, wo es sich gut „auftanken“ lässt</h5>
<ul>
<li>Kleine Speisen und Getränke den ganzen Tag</li>
<li>Bergküche mit regionaler Geschmacksrichtung wie das Pfannengericht „La Poêlée du Petit-Mountet“, welches man wenigstens einmal probieren sollte.</li>
<li>Käsespezialitäten vom Val d’Anniviers</li>
<li>Fleischplatten mit verschiedenem Trockenfleisch vom Tal; Trockenfleisch vom Hüttenwart</li>
<li>Hausgemachtes auf Gemüsebasis und Saisonfrüchte: Suppe, Salate, Wähen und andere Leckerbissen.</li>
</ul>
<p>[/vc_column_text]<div class="dfd-spacer-module"  data-units="px" data-wide_resolution="1280" data-wide_size="35" data-normal_resolution="1024" data-normal_size="35" data-tablet_resolution="800" data-tablet_size="30" data-mobile_resolution="480" data-mobile_size="30" style="height: 35px;"></div>[vc_column_text]<strong>Bei vorgängiger Reservation:</strong></p>
<ul>
<li>Fondueabend</li>
<li>„Hüttenmenu“, serviert mit Übernachtung</li>
<li>Pick-nick zum Mitnehmen für den nächsten Tag</li>
</ul>
<p>[/vc_column_text]<div class="dfd-spacer-module"  data-units="px" data-wide_resolution="1280" data-wide_size="" data-normal_resolution="1024" data-normal_size="" data-tablet_resolution="800" data-tablet_size="20" data-mobile_resolution="480" data-mobile_size="20" style="height: px;"></div>[/vc_column][vc_column width=&#8220;1/2&#8243;][vc_single_image image=&#8220;20245&#8243; img_size=&#8220;full&#8220;][/vc_column][/vc_row][vc_row][vc_column]<div class="dfd-spacer-module"  data-units="px" data-wide_resolution="1280" data-wide_size="50" data-normal_resolution="1024" data-normal_size="50" data-tablet_resolution="800" data-tablet_size="30" data-mobile_resolution="480" data-mobile_size="30" style="height: 50px;"></div>[/vc_column][/vc_row][vc_row force_equal_height_columns=&#8220;main_row&#8220; mobile_destroy_equal_heights=&#8220;yes&#8220;][vc_column width=&#8220;1/2&#8243;][vc_single_image image=&#8220;18198&#8243; img_size=&#8220;full&#8220;][/vc_column][vc_column width=&#8220;1/2&#8243;][vc_column_text css=&#8220;&#8220;]</p>
<h5 style="text-align: center;">Frische und lokale Produkte sind die Priorität der Betreuerin.</h5>
<p>[/vc_column_text][/vc_column][/vc_row][vc_row][vc_column]<div class="dfd-spacer-module"  data-units="px" data-wide_resolution="1280" data-wide_size="50" data-normal_resolution="1024" data-normal_size="50" data-tablet_resolution="800" data-tablet_size="30" data-mobile_resolution="480" data-mobile_size="30" style="height: 50px;"></div>[/vc_column][/vc_row][vc_row force_equal_height_columns=&#8220;main_row&#8220; mobile_destroy_equal_heights=&#8220;yes&#8220;][vc_column width=&#8220;1/2&#8243;][vc_column_text]</p>
<h5>Die Terrasse mit Blick auf das Weisshorn</h5>
<p>[/vc_column_text][/vc_column][vc_column width=&#8220;1/2&#8243;][vc_single_image image=&#8220;20570&#8243; img_size=&#8220;full&#8220;][/vc_column][/vc_row]</p>
</div>

<p>[vc_row][vc_column width=&#8220;1/2&#8243;][vc_column_text] Eine Jahrhundert alte Hütte, wo es sich gut „auftanken“ lässt Kleine Speisen und Getränke den ganzen Tag Bergküche mit regionaler Geschmacksrichtung wie das Pfannengericht „La Poêlée du Petit-Mountet“,</p>

<!-- This site is optimized with the Yoast SEO plugin v28.2 - https://yoast.com/product/yoast-seo-wordpress/ -->
<title>Schmackhafte Bergküche - Restaurant in unserer Berghütte</title>
<meta name="description" content="Unser Restaurant bietet eine schmackhafte Bergküche aus frischen und lokalen Produkten. Kommen Sie und genießen Sie unsere traditionellen Gerichte und hausgemachten Spezialitäten." />
<meta name="robots" content="index, follow, max-snippet:-1, max-image-preview:large, max-video-preview:-1" />
<link rel="canonical" href="https://www.petitmountet.ch/de/verpflegung/" />
<meta property="og:locale" content="de_DE" />
<meta property="og:type" content="article" />
<meta property="og:title" content="Schmackhafte Bergküche - Restaurant in unserer Berghütte" />
<meta property="og:description" content="Unser Restaurant bietet eine schmackhafte Bergküche aus frischen und lokalen Produkten. Kommen Sie und genießen Sie unsere traditionellen Gerichte und hausgemachten Spezialitäten." />
<meta property="og:url" content="https://www.petitmountet.ch/de/verpflegung/" />
<meta property="og:site_name" content="Cabane du Petit Mountet | Val d&#039;Anniviers" />
<meta property="article:modified_time" content="2025-03-25T12:18:04+00:00" />
<meta name="twitter:card" content="summary_large_image" />
<meta name="twitter:label1" content="Geschätzte Lesezeit" />
	<meta name="twitter:data1" content="1 Minute" />
<script type="application/ld+json" class="yoast-schema-graph">{"@context":"https:\/\/schema.org","@graph":[{"@type":"WebPage","@id":"https:\/\/www.petitmountet.ch\/de\/verpflegung\/","url":"https:\/\/www.petitmountet.ch\/de\/verpflegung\/","name":"Schmackhafte Bergküche - Restaurant in unserer Berghütte","isPartOf":{"@id":"https:\/\/www.petitmountet.ch\/#website"},"datePublished":"2020-06-05T13:50:21+00:00","dateModified":"2025-03-25T12:18:04+00:00","description":"Unser Restaurant bietet eine schmackhafte Bergküche aus frischen und lokalen Produkten. Kommen Sie und genießen Sie unsere traditionellen Gerichte und hausgemachten Spezialitäten.","breadcrumb":{"@id":"https:\/\/www.petitmountet.ch\/de\/verpflegung\/#breadcrumb"},"inLanguage":"de","potentialAction":[{"@type":"ReadAction","target":["https:\/\/www.petitmountet.ch\/de\/verpflegung\/"]}]},{"@type":"BreadcrumbList","@id":"https:\/\/www.petitmountet.ch\/de\/verpflegung\/#breadcrumb","itemListElement":[{"@type":"ListItem","position":1,"name":"Accueil","item":"https:\/\/www.petitmountet.ch\/de\/"},{"@type":"ListItem","position":2,"name":"Verpflegung"}]},{"@type":"WebSite","@id":"https:\/\/www.petitmountet.ch\/#website","url":"https:\/\/www.petitmountet.ch\/","name":"Cabane du Petit Mountet | Val d&#039;Anniviers","description":"Petit coin de paradis","potentialAction":[{"@type":"SearchAction","target":{"@type":"EntryPoint","urlTemplate":"https:\/\/www.petitmountet.ch\/?s={search_term_string}"},"query-input":{"@type":"PropertyValueSpecification","valueRequired":true,"valueName":"search_term_string"}}],"inLanguage":"de"}]}</script>
<!-- / Yoast SEO plugin. -->

Schmackhafte Bergküche - Restaurant in unserer Berghütte

Unser Restaurant bietet eine schmackhafte Bergküche aus frischen und lokalen Produkten. Kommen Sie und genießen Sie unsere traditionellen Gerichte und hausgemachten Spezialitäten.
